8379594.
2, 299189797
What are the prime factors of 813879613?
1607, 506459
What are the prime factors of 326291095?
5, 13, 43, 116741
List the prime factors of 3576514.
2, 1788257
List the prime factors of 3152633043.
3, 7, 150125383
What are the prime factors of 5698759783?
1861, 3062203
What are the prime factors of 412282360?
2, 5, 7, 23, 64019
What are the prime factors of 256304640?
2, 3, 5, 23, 1451
What are the prime factors of 635661689?
13, 48897053
List the prime factors of 107845283.
7, 13, 1185113
List the prime factors of 234618122.
2, 17, 6900533
List the prime factors of 62665055.
5, 439, 28549
List the prime factors of 225377222.
2, 7, 16098373
What are the prime factors of 34587296?
2, 19, 163, 349
List the prime factors of 18915581.
18915581
What are the prime factors of 68863612?
2, 17215903
What are the prime factors of 142158551?
19, 29, 37, 367
List the prime factors of 73801341.
3, 1447, 1889
List the prime factors of 132504534.
2, 3, 7361363
What are the prime factors of 116912087?
3499, 33413
What are the prime factors of 118481092?
2, 17, 1742369
List the prime factors of 711043322.
2, 11, 32320151
What are the prime factors of 110530323?
3, 47, 261301
List the prime factors of 411165262.
2, 107, 1223, 1571
What are the prime factors of 1228565990?
2, 5, 122856599
What are the prime factors of 16115034?
2, 3, 13, 206603
What are the prime factors of 19919777?
19919777
What are the prime factors of 550046224?
2, 7, 13, 377779
List the prime factors of 86314957.
86314957
List the prime factors of 103094435.
5, 43, 479509
List the prime factors of 9328331891.
9239, 1009669
List the prime factors of 64430285.
5, 1787, 7211
List the prime factors of 285857008.
2, 47, 380129
What are the prime factors of 225703930?
2, 5, 1201, 18793
List the prime factors of 1801164252.
2, 3, 150097021
What are the prime factors of 4827692002?
2, 7, 29, 71, 373, 449
What are the prime factors of 44259149?
11, 211, 19069
What are the prime factors of 63851397?
3, 577, 36887
List the prime factors of 45891174.
2, 3, 7, 37, 29531
What are the prime factors of 497240305?
5, 199, 499739
What are the prime factors of 2138622052?
2, 7, 29, 37, 10169
What are the prime factors of 1197572313?
3, 7, 29, 61, 32237
What are the prime factors of 2830867471?
83, 157, 217241
List the prime factors of 109390056.
2, 3, 37, 47, 2621
List the prime factors of 54861210.
2, 3, 5, 17, 23, 1559
What are the prime factors of 872369186?
2, 13, 313, 107197
What are the prime factors of 491742869?
2063, 238363
What are the prime factors of 42959194?
2, 67, 320591
List the prime factors of 1095985613.
1095985613
List the prime factors of 175518108.
2, 3, 83, 58741
What are the prime factors of 329561205?
3, 5, 21970747
List the prime factors of 306663760.
2, 5, 13, 294869
List the prime factors of 54951533.
7, 13, 46451
List the prime factors of 1870862132.
2, 19, 24616607
List the prime factors of 94963368.
2, 3, 19, 208253
What are the prime factors of 76736250?
2, 3, 5, 19, 359
What are the prime factors of 135878733?
3, 23, 103, 6373
What are the prime factors of 1774862902?
2, 31, 28626821
What are the prime factors of 30154099?
97, 310867
List the prime factors of 36816397.
53, 694649
List the prime factors of 303383863.
6323, 47981
List the prime factors of 69482000.
2, 5, 7, 709
List the prime factors of 35509196.
2, 37, 67, 3581
What are the prime factors of 6639164?
2, 7, 67, 3539
What are the prime factors of 7797197?
107, 72871
What are the prime factors of 72938761?
7, 10419823
List the prime factors of 4493691633.
3, 557, 2689223
List the prime factors of 106619967.
3, 41, 283, 1021
What are the prime factors of 217430990?
2, 5, 7, 3106157
List the prime factors of 27256963.
19, 269, 5333
List the prime factors of 14725243.
13, 29, 139, 281
What are the prime factors of 586220069?
8837, 66337
What are the prime factors of 112776656?
2, 2633, 2677
List the prime factors of 1010899914.
2, 3, 89, 1893071
List the prime factors of 469585632.
2, 3, 29, 168673
List the prime factors of 1860721965.
3, 5, 19, 23, 94621
List the prime factors of 125661688.
2, 17, 923983
What are the prime factors of 5805685584?
2, 3, 383, 35089
List the prime factors of 667170384.
2, 3, 23, 37, 16333
List the prime factors of 411309297.
3, 7, 6528719
What are the prime factors of 58620?
2, 3, 5, 977
What are the prime factors of 254053611?
3, 7, 1344199
List the prime factors of 94413222.
2, 3, 1279, 1367
List the prime factors of 1448315045.
5, 289663009
What are the prime factors of 269858115?
3, 5, 1998949
List the prime factors of 56976521.
7, 113, 72031
List the prime factors of 22575684.
2, 3, 1881307
List the prime factors of 106459423.
7, 17, 59, 257
List the prime factors of 5067660066.
2, 3, 7, 1453, 11863
List the prime factors of 80888362.
2, 31, 89, 107, 137
What are the prime factors of 164917973?
11, 14992543
What are the prime factors of 2426383269?
3, 29955349
What are the prime factors of 122070048?
2, 3, 29, 163, 269
What are the prime factors of 170401338?
2, 3, 2153, 4397
List the prime factors of 27863720.
2, 5, 617, 1129
What are the prime factors of 41992800?
2, 3, 5, 17497
List the prime factors of 741426719.
11, 227, 263, 1129
What are the prime factors of 59716432?
2, 113, 33029
List the prime factors of 347092835.
5, 1789, 38803
What are the prime factors of 20401399?
1019, 20021
What are the prime factors of 358185763?
13, 79, 348769
List the prime factors of 112061622.
2, 3, 487, 38351
List the prime factors of 2153019624.
2, 3, 7, 29, 63131
What are the prime factors of 61523369?
229, 268661
What are the prime factors of 798051276?
2, 3, 11, 43, 46867
What are the prime factors of 240845849?
41, 389, 15101
What are the prime factors of 76591885?
5, 17, 277, 3253
What are the prime factors of 1846151265?
3, 5, 7, 17582393
What are the prime factors of 14258504?
2, 13, 71, 1931
What are the prime factors of 14589517?
227, 64271
What are the prime factors of 33754261?
587, 57503
What are the prime factors of 4541906486?
2, 13, 181, 965131
List the prime factors of 2119820920.
2, 5, 7, 31, 244219
What are the prime factors of 510031319?
7, 229, 318173
What are the prime factors of 615312540?
2, 3, 5, 3418403
What are the prime factors of 67092696?
2, 3, 11, 84713
List the prime factors of 19900670.
2, 5, 29, 163, 421
What are the prime factors of 40380385?
5, 8076077
What are the prime factors of 54471654?
2, 3, 3026203
List the prime factors of 60495100.
2, 5, 73, 8287
List the prime factors of 114764751.
3, 12751639
List the prime factors of 68118517.
37, 61, 30181
What are the prime factors of 2934426399?
3, 191, 2017, 2539
What are the prime factors of 25833154?
2, 53, 243709
List the prime factors of 1031097966.
2, 3, 19, 9044719
What are the prime factors of 60033872?
2, 3752117
List the prime factors of 804387946.
2, 17, 59, 131, 3061
List the prime factors of 403284627.
3, 44809403
What are the prime factors of 1575195349?
7, 13, 29, 313, 1907
List the prime factors of 30980801.
2029, 15269
List the prime factors of 1195280698.
2, 23, 53, 490271
List the prime factors of 1357905623.
19, 47, 1520611
What are the prime factors of 294462380?
2, 5, 19, 774901
What are the prime factors of 2619094037?
7, 374156291
List the prime factors of 64577631.
3, 587, 36671
List the prime factors of 728783142.
2, 3, 1663, 73039
List the prime factors of 439088861.
947, 463663
List the prime factors of 94369414.
2, 17, 23, 120677
What are the prime factors of 596856207?
3, 2237, 88937
What are the prime factors of 98932131?
3, 23, 159311
List the prime factors of 1657538519.
7, 13, 47, 373, 1039
List the prime factors of 41146587.
3, 4571843
What are the prime factors of 11034650?
2, 5, 11, 20063
What are the prime factors of 11588270?
2, 5, 1158827
List the prime factors of 424586560.
2, 5, 17, 78049
What are the prime factors of 138552830?
2, 5, 13, 1065791
What are the prime factors of 33300924?
2, 3, 127, 21851
List the prime factors of 19777421.
197, 100393
What are the prime factors of 973713621?
3, 7573, 42859
List the prime factors of 373616926.
2, 8803, 21221
What are the prime factors of 69454496?
2, 2170453
What are the prime factors of 43401475